{"id":273,"date":"2024-05-03T14:36:06","date_gmt":"2024-05-03T12:36:06","guid":{"rendered":"https:\/\/www.auroraevia.fr\/?page_id=273"},"modified":"2024-06-04T16:20:07","modified_gmt":"2024-06-04T14:20:07","slug":"elementor-273","status":"publish","type":"page","link":"https:\/\/www.auroraevia.fr\/?page_id=273","title":{"rendered":"Mentions l\u00e9gales"},"content":{"rendered":"\t\t<div data-elementor-type=\"wp-page\" data-elementor-id=\"273\" class=\"elementor elementor-273\">\n\t\t\t\t<div class=\"elementor-element elementor-element-304bb90 e-flex e-con-boxed e-con e-parent\" data-id=\"304bb90\" data-element_type=\"container\">\n\t\t\t\t\t<div class=\"e-con-inner\">\n\t\t\t\t<div class=\"elementor-element elementor-element-138914c elementor-widget elementor-widget-text-editor\" data-id=\"138914c\" data-element_type=\"widget\" data-widget_type=\"text-editor.default\">\n\t\t\t\t<div class=\"elementor-widget-container\">\n\t\t\t\t\t\t\t\t\t<p>Mentions l\u00e9gales<\/p>\n<p>\u00c9diteur du site : Auror\u00e6Via<br>Adresse : Vern-sur-Seiche, Ille-et-Vilaine, France<br>RNA : W353023597<br>Type : Sant\u00e9 et action sociale<\/p>\n<p>Responsable de la publication : Caroline Le Li\u00e8vre, Christelle Laugerat, \u00c9lodie Jacq, Liliane Gu\u00e9lennoc, Christine Batard<\/p>\n<p>H\u00e9bergeur du site :&nbsp;<\/p>\n<p>Propri\u00e9t\u00e9 intellectuelle : Le contenu du site Auror\u00e6Via, incluant textes, images, vid\u00e9os, etc., est prot\u00e9g\u00e9 par le droit d&rsquo;auteur. Il est interdit de reproduire ou d&rsquo;utiliser ces contenus sans une autorisation pr\u00e9alable.<\/p>\n<p>Donn\u00e9es personnelles : En vertu de la loi informatique et libert\u00e9s, vous avez le droit d&rsquo;acc\u00e9der, de modifier et de supprimer vos donn\u00e9es personnelles. Pour exercer ce droit, contactez-nous \u00e0 l&rsquo;adresse mentionn\u00e9e plus haut.<\/p>\t\t\t\t\t\t\t\t<\/div>\n\t\t\t\t<\/div>\n\t\t\t\t\t<\/div>\n\t\t\t\t<\/div>\n\t\t\t\t<\/div>\n\t\t","protected":false},"excerpt":{"rendered":"<p>Mentions l\u00e9gales \u00c9diteur du site : Auror\u00e6ViaAdresse : Vern-sur-Seiche, Ille-et-Vilaine, FranceRNA : W353023597Type : Sant\u00e9 et action sociale Responsable de [&hellip;]<\/p>\n","protected":false},"author":2,"featured_media":0,"parent":0,"menu_order":0,"comment_status":"closed","ping_status":"closed","template":"","meta":{"om_disable_all_campaigns":false,"_monsterinsights_skip_tracking":false,"_monsterinsights_sitenote_active":false,"_monsterinsights_sitenote_note":"","_monsterinsights_sitenote_category":0,"site-sidebar-layout":"no-sidebar","site-content-layout":"","ast-site-content-layout":"full-width-container","site-content-style":"default","site-sidebar-style":"default","ast-global-header-display":"","ast-banner-title-visibility":"","ast-main-header-display":"","ast-hfb-above-header-display":"","ast-hfb-below-header-display":"","ast-hfb-mobile-header-display":"","site-post-title":"disabled","ast-breadcrumbs-content":"","ast-featured-img":"disabled","footer-sml-layout":"","theme-transparent-header-meta":"","adv-header-id-meta":"","stick-header-meta":"","header-above-stick-meta":"","header-main-stick-meta":"","header-below-stick-meta":"","astra-migrate-meta-layouts":"default","ast-page-background-enabled":"default","ast-page-background-meta":{"desktop":{"background-color":"var(--ast-global-color-4)","background-image":"","background-repeat":"repeat","background-position":"center center","background-size":"auto","background-attachment":"scroll","background-type":"","background-media":"","overlay-type":"","overlay-color":"","overlay-gradient":""},"tablet":{"background-color":"","background-image":"","background-repeat":"repeat","background-position":"center center","background-size":"auto","background-attachment":"scroll","background-type":"","background-media":"","overlay-type":"","overlay-color":"","overlay-gradient":""},"mobile":{"background-color":"","background-image":"","background-repeat":"repeat","background-position":"center center","background-size":"auto","background-attachment":"scroll","background-type":"","background-media":"","overlay-type":"","overlay-color":"","overlay-gradient":""}},"ast-content-background-meta":{"desktop":{"background-color":"var(--ast-global-color-5)","background-image":"","background-repeat":"repeat","background-position":"center center","background-size":"auto","background-attachment":"scroll","background-type":"","background-media":"","overlay-type":"","overlay-color":"","overlay-gradient":""},"tablet":{"background-color":"var(--ast-global-color-5)","background-image":"","background-repeat":"repeat","background-position":"center center","background-size":"auto","background-attachment":"scroll","background-type":"","background-media":"","overlay-type":"","overlay-color":"","overlay-gradient":""},"mobile":{"background-color":"var(--ast-global-color-5)","background-image":"","background-repeat":"repeat","background-position":"center center","background-size":"auto","background-attachment":"scroll","background-type":"","background-media":"","overlay-type":"","overlay-color":"","overlay-gradient":""}},"footnotes":""},"class_list":["post-273","page","type-page","status-publish","hentry"],"aioseo_notices":[],"_links":{"self":[{"href":"https:\/\/www.auroraevia.fr\/index.php?rest_route=\/wp\/v2\/pages\/273","targetHints":{"allow":["GET"]}}],"collection":[{"href":"https:\/\/www.auroraevia.fr\/index.php?rest_route=\/wp\/v2\/pages"}],"about":[{"href":"https:\/\/www.auroraevia.fr\/index.php?rest_route=\/wp\/v2\/types\/page"}],"author":[{"embeddable":true,"href":"https:\/\/www.auroraevia.fr\/index.php?rest_route=\/wp\/v2\/users\/2"}],"replies":[{"embeddable":true,"href":"https:\/\/www.auroraevia.fr\/index.php?rest_route=%2Fwp%2Fv2%2Fcomments&post=273"}],"version-history":[{"count":9,"href":"https:\/\/www.auroraevia.fr\/index.php?rest_route=\/wp\/v2\/pages\/273\/revisions"}],"predecessor-version":[{"id":1308,"href":"https:\/\/www.auroraevia.fr\/index.php?rest_route=\/wp\/v2\/pages\/273\/revisions\/1308"}],"wp:attachment":[{"href":"https:\/\/www.auroraevia.fr\/index.php?rest_route=%2Fwp%2Fv2%2Fmedia&parent=273"}],"curies":[{"name":"wp","href":"https:\/\/api.w.org\/{rel}","templated":true}]}}

Mentions légales

<div data-elementor-type="wp-page" data-elementor-id="273" class="elementor elementor-273">
				<div class="elementor-element elementor-element-304bb90 e-flex e-con-boxed e-con e-parent" data-id="304bb90" data-element_type="container">
					<div class="e-con-inner">
				<div class="elementor-element elementor-element-138914c elementor-widget elementor-widget-text-editor" data-id="138914c" data-element_type="widget" data-widget_type="text-editor.default">
				<div class="elementor-widget-container">
									<p>Mentions légales</p>
<p>Éditeur du site : AuroræVia<br>Adresse : Vern-sur-Seiche, Ille-et-Vilaine, France<br>RNA : W353023597<br>Type : Santé et action sociale</p>
<p>Responsable de la publication : Caroline Le Lièvre, Christelle Laugerat, Élodie Jacq, Liliane Guélennoc, Christine Batard</p>
<p>Hébergeur du site :&nbsp;</p>
<p>Propriété intellectuelle : Le contenu du site AuroræVia, incluant textes, images, vidéos, etc., est protégé par le droit d&rsquo;auteur. Il est interdit de reproduire ou d&rsquo;utiliser ces contenus sans une autorisation préalable.</p>
<p>Données personnelles : En vertu de la loi informatique et libertés, vous avez le droit d&rsquo;accéder, de modifier et de supprimer vos données personnelles. Pour exercer ce droit, contactez-nous à l&rsquo;adresse mentionnée plus haut.</p>								</div>
				</div>
					</div>
				</div>
				</div>

<p>Mentions légales Éditeur du site : AuroræViaAdresse : Vern-sur-Seiche, Ille-et-Vilaine, FranceRNA : W353023597Type : Santé et action sociale Responsable de [&hellip;]</p>
