{"id":286,"date":"2024-05-03T23:29:51","date_gmt":"2024-05-03T21:29:51","guid":{"rendered":"https:\/\/www.auroraevia.fr\/?page_id=286"},"modified":"2026-02-10T12:52:06","modified_gmt":"2026-02-10T11:52:06","slug":"elementor-286","status":"publish","type":"page","link":"https:\/\/www.auroraevia.fr\/?page_id=286","title":{"rendered":"Collectif"},"content":{"rendered":"\t\t<div data-elementor-type=\"wp-page\" data-elementor-id=\"286\" class=\"elementor elementor-286\">\n\t\t\t\t<div class=\"elementor-element elementor-element-219fe98 e-con-full e-flex e-con e-parent\" data-id=\"219fe98\" data-element_type=\"container\" data-settings=\"{&quot;background_background&quot;:&quot;classic&quot;}\">\n\t\t\t\t<div class=\"elementor-element elementor-element-e2f308b elementor-widget elementor-widget-text-editor\" data-id=\"e2f308b\" data-element_type=\"widget\" data-widget_type=\"text-editor.default\">\n\t\t\t\t<div class=\"elementor-widget-container\">\n\t\t\t\t\t\t\t\t\t<p>\u00a0<\/p><p>\u00a0<\/p><p>QUI SOMMES-NOUS ?<\/p><p>\u00a0<\/p><p>\u00a0<\/p><p>\u00a0<\/p>\t\t\t\t\t\t\t\t<\/div>\n\t\t\t\t<\/div>\n\t\t\t\t<\/div>\n\t\t<div class=\"elementor-element elementor-element-40cf5d7 e-flex e-con-boxed e-con e-parent\" data-id=\"40cf5d7\" data-element_type=\"container\" data-settings=\"{&quot;background_background&quot;:&quot;classic&quot;}\">\n\t\t\t\t\t<div class=\"e-con-inner\">\n\t\t\t\t<div class=\"elementor-element elementor-element-dee6a74 elementor-widget elementor-widget-heading\" data-id=\"dee6a74\" data-element_type=\"widget\" data-widget_type=\"heading.default\">\n\t\t\t\t<div class=\"elementor-widget-container\">\n\t\t\t\t\t<h2 class=\"elementor-heading-title elementor-size-default\">Notre histoire<\/h2>\t\t\t\t<\/div>\n\t\t\t\t<\/div>\n\t\t\t\t<div class=\"elementor-element elementor-element-5f2a202 elementor-widget elementor-widget-text-editor\" data-id=\"5f2a202\" data-element_type=\"widget\" data-widget_type=\"text-editor.default\">\n\t\t\t\t<div class=\"elementor-widget-container\">\n\t\t\t\t\t\t\t\t\t<p>Suite \u00e0 des accompagnements de personnes porteuses de trisomie 21 vieillissantes jusqu\u2019\u00e0 leur fin de vie en Maison d\u2019accueil sp\u00e9cialis\u00e9e (MAS), un questionnement appara\u00eet: que pourrait-on proposer afin de leur permettre une fin de vie la plus respectueuse de leurs besoins?<\/p><p>L\u2019id\u00e9e de cr\u00e9er un tel lieu d\u2019accueil, avec les conditions optimales pour exercer notre m\u00e9tier d\u2019accompagnement \u00e0 la personne s&rsquo;impose naturellement.<\/p><p><i>Un appartement \u00e0 taille humaine o\u00f9 l\u2019homog\u00e9n\u00e9it\u00e9 des profils des colocataires vieillissants favoriserait un environnement propice aux repos. Des activit\u00e9s adapt\u00e9es, tourn\u00e9es vers leur environnement local et familial, \u00e0 travers les g\u00e9n\u00e9rations, permettraient autant aux colocataires jusqu\u2019\u00e0 leur d\u00e9c\u00e8s, qu\u2019\u00e0 leurs accompagnants, d\u2019\u00e9voluer dans un climat s\u00e9curisant et serein: un lieu de vie ordinaire.<\/i><\/p>\t\t\t\t\t\t\t\t<\/div>\n\t\t\t\t<\/div>\n\t\t\t\t<div class=\"elementor-element elementor-element-42261d4 elementor-widget elementor-widget-heading\" data-id=\"42261d4\" data-element_type=\"widget\" data-widget_type=\"heading.default\">\n\t\t\t\t<div class=\"elementor-widget-container\">\n\t\t\t\t\t<h2 class=\"elementor-heading-title elementor-size-default\">Nos collectifs<\/h2>\t\t\t\t<\/div>\n\t\t\t\t<\/div>\n\t\t\t\t<div class=\"elementor-element elementor-element-2e6c4d9 elementor-widget__width-initial elementor-widget elementor-widget-image\" data-id=\"2e6c4d9\" data-element_type=\"widget\" data-widget_type=\"image.default\">\n\t\t\t\t<div class=\"elementor-widget-container\">\n\t\t\t\t\t\t\t\t\t\t\t\t\t\t\t<img fetchpriority=\"high\" decoding=\"async\" width=\"1024\" height=\"1024\" src=\"https:\/\/www.auroraevia.fr\/wp-content\/uploads\/2024\/05\/wordcloud-9.png\" class=\"attachment-2048x2048 size-2048x2048 wp-image-1705\" alt=\"\" srcset=\"https:\/\/www.auroraevia.fr\/wp-content\/uploads\/2024\/05\/wordcloud-9.png 1024w, https:\/\/www.auroraevia.fr\/wp-content\/uploads\/2024\/05\/wordcloud-9-300x300.png 300w, https:\/\/www.auroraevia.fr\/wp-content\/uploads\/2024\/05\/wordcloud-9-150x150.png 150w, https:\/\/www.auroraevia.fr\/wp-content\/uploads\/2024\/05\/wordcloud-9-768x768.png 768w\" sizes=\"(max-width: 1024px) 100vw, 1024px\" \/>\t\t\t\t\t\t\t\t\t\t\t\t\t\t\t<\/div>\n\t\t\t\t<\/div>\n\t\t\t\t<div class=\"elementor-element elementor-element-3ae0e31 e-transform elementor-widget elementor-widget-text-editor\" data-id=\"3ae0e31\" data-element_type=\"widget\" data-settings=\"{&quot;_transform_translateX_effect&quot;:{&quot;unit&quot;:&quot;px&quot;,&quot;size&quot;:0,&quot;sizes&quot;:[]},&quot;_transform_translateY_effect&quot;:{&quot;unit&quot;:&quot;px&quot;,&quot;size&quot;:50,&quot;sizes&quot;:[]},&quot;_transform_translateX_effect_tablet&quot;:{&quot;unit&quot;:&quot;px&quot;,&quot;size&quot;:&quot;&quot;,&quot;sizes&quot;:[]},&quot;_transform_translateX_effect_mobile&quot;:{&quot;unit&quot;:&quot;px&quot;,&quot;size&quot;:&quot;&quot;,&quot;sizes&quot;:[]},&quot;_transform_translateY_effect_tablet&quot;:{&quot;unit&quot;:&quot;px&quot;,&quot;size&quot;:&quot;&quot;,&quot;sizes&quot;:[]},&quot;_transform_translateY_effect_mobile&quot;:{&quot;unit&quot;:&quot;px&quot;,&quot;size&quot;:&quot;&quot;,&quot;sizes&quot;:[]}}\" data-widget_type=\"text-editor.default\">\n\t\t\t\t<div class=\"elementor-widget-container\">\n\t\t\t\t\t\t\t\t\t<p>L&rsquo;association Auror\u00e6Via est ainsi cr\u00e9\u00e9e en septembre 2023, avec 5 membres professionnelles issues des secteurs du handicap, des soins palliatifs, de la g\u00e9riatrie, du domicile, et engag\u00e9es dans le domaine associatif: Christelle, Caroline, Elodie, Liliane et Christine.\u00a0<\/p><p><i>L\u2019objet social: L\u2019association a pour vocation de favoriser l\u2019habitat inclusif pour les personnes porteuses d\u2019une maladie neuro \u00e9volutive vieillissantes, de veiller au bien \u00eatre de ses habitants, salari\u00e9s et intervenants et vise \u00e0 devenir un lieu ressource sur le territoire.<\/i><\/p><p>Des familles rejoignent alors l\u2019association pour travailler sur le projet de vie sociale et partag\u00e9e en apportant leurs attentes relatives aux besoins de leurs proches qu\u2019elles repr\u00e9sentent, mais aussi pour l\u2019int\u00e9r\u00eat g\u00e9n\u00e9ral : Huguette, Madeleine, Fr\u00e9d\u00e9rique, Marie-Elisabeth, Germain&#8230;<\/p><p>Des\u00a0<a href=\"https:\/\/www.adapei35.com\/les-autorepresentants-qui-sont-ils\/\" target=\"_blank\" rel=\"noopener\">auto-repr\u00e9sentants<\/a>\u00a0d\u2019Ille et Vilaine d\u00e9cident aussi de participer \u00e0 l\u2019\u00e9criture du projet.\u00a0<\/p><p>Un m\u00e9decin psychiatre exer\u00e7ant aupr\u00e8s de personnes porteuses de handicap et un m\u00e9decin de l\u2019unit\u00e9 des soins palliatifs du CHU de Rennes nous soutiennent ainsi que d\u2019autres professionnels de l\u2019accompagnement.<\/p><p><span style=\"white-space-collapse: preserve;\">\u00a0<\/span><\/p>\t\t\t\t\t\t\t\t<\/div>\n\t\t\t\t<\/div>\n\t\t\t\t<div class=\"elementor-element elementor-element-c323f2b elementor-widget elementor-widget-heading\" data-id=\"c323f2b\" data-element_type=\"widget\" data-widget_type=\"heading.default\">\n\t\t\t\t<div class=\"elementor-widget-container\">\n\t\t\t\t\t<h2 class=\"elementor-heading-title elementor-size-default\">Nos objectifs<\/h2>\t\t\t\t<\/div>\n\t\t\t\t<\/div>\n\t\t\t\t<div class=\"elementor-element elementor-element-7a8cb1a elementor-widget elementor-widget-text-editor\" data-id=\"7a8cb1a\" data-element_type=\"widget\" data-widget_type=\"text-editor.default\">\n\t\t\t\t<div class=\"elementor-widget-container\">\n\t\t\t\t\t\t\t\t\t<p>Nous souhaitons encourager la cit\u00e9 \u00e0 l\u2019inclusion des personnes porteuses de handicap en fin de vie autour de leur projet de vie sociale et partag\u00e9e, en cr\u00e9ant un ou plusieurs logements accompagn\u00e9s partag\u00e9s et ins\u00e9r\u00e9s et une mission ressource aux aidants autour de l&rsquo;accompagnement du vieillissement de personnes handicap\u00e9es, vers la fin de vie et de la mort, avec les diff\u00e9rents acteurs du territoire.<\/p>\t\t\t\t\t\t\t\t<\/div>\n\t\t\t\t<\/div>\n\t\t\t\t<div class=\"elementor-element elementor-element-c62ee5a elementor-widget elementor-widget-heading\" data-id=\"c62ee5a\" data-element_type=\"widget\" data-widget_type=\"heading.default\">\n\t\t\t\t<div class=\"elementor-widget-container\">\n\t\t\t\t\t<h2 class=\"elementor-heading-title elementor-size-default\">Nos valeurs<\/h2>\t\t\t\t<\/div>\n\t\t\t\t<\/div>\n\t\t\t\t<div class=\"elementor-element elementor-element-06b54a4 elementor-widget__width-inherit e-transform elementor-widget elementor-widget-image\" data-id=\"06b54a4\" data-element_type=\"widget\" data-settings=\"{&quot;_transform_translateY_effect&quot;:{&quot;unit&quot;:&quot;px&quot;,&quot;size&quot;:-73,&quot;sizes&quot;:[]},&quot;_transform_translateX_effect&quot;:{&quot;unit&quot;:&quot;px&quot;,&quot;size&quot;:&quot;&quot;,&quot;sizes&quot;:[]},&quot;_transform_translateX_effect_tablet&quot;:{&quot;unit&quot;:&quot;px&quot;,&quot;size&quot;:&quot;&quot;,&quot;sizes&quot;:[]},&quot;_transform_translateX_effect_mobile&quot;:{&quot;unit&quot;:&quot;px&quot;,&quot;size&quot;:&quot;&quot;,&quot;sizes&quot;:[]},&quot;_transform_translateY_effect_tablet&quot;:{&quot;unit&quot;:&quot;px&quot;,&quot;size&quot;:&quot;&quot;,&quot;sizes&quot;:[]},&quot;_transform_translateY_effect_mobile&quot;:{&quot;unit&quot;:&quot;px&quot;,&quot;size&quot;:&quot;&quot;,&quot;sizes&quot;:[]}}\" data-widget_type=\"image.default\">\n\t\t\t\t<div class=\"elementor-widget-container\">\n\t\t\t\t\t\t\t\t\t\t\t\t\t\t\t<img decoding=\"async\" src=\"https:\/\/www.auroraevia.fr\/wp-content\/uploads\/elementor\/thumbs\/wordcloud-11-qp0q8ynbcqx0ocuxc3gdoxu1p3re3efcey0x96cgi0.png\" title=\"wordcloud (11)\" alt=\"wordcloud (11)\" loading=\"lazy\" \/>\t\t\t\t\t\t\t\t\t\t\t\t\t\t\t<\/div>\n\t\t\t\t<\/div>\n\t\t\t\t<div class=\"elementor-element elementor-element-ce4c213 elementor-widget elementor-widget-heading\" data-id=\"ce4c213\" data-element_type=\"widget\" data-widget_type=\"heading.default\">\n\t\t\t\t<div class=\"elementor-widget-container\">\n\t\t\t\t\t<h2 class=\"elementor-heading-title elementor-size-default\">Notre utilit\u00e9 sociale<\/h2>\t\t\t\t<\/div>\n\t\t\t\t<\/div>\n\t\t\t\t\t<\/div>\n\t\t\t\t<\/div>\n\t\t<div class=\"elementor-element elementor-element-1bf7fb9 e-flex e-con-boxed e-con e-parent\" data-id=\"1bf7fb9\" data-element_type=\"container\" data-settings=\"{&quot;background_background&quot;:&quot;classic&quot;}\">\n\t\t\t\t\t<div class=\"e-con-inner\">\n\t\t\t\t<div class=\"elementor-element elementor-element-34454cf e-transform elementor-widget__width-initial elementor-widget elementor-widget-image\" data-id=\"34454cf\" data-element_type=\"widget\" data-settings=\"{&quot;_transform_scale_effect_tablet&quot;:{&quot;unit&quot;:&quot;px&quot;,&quot;size&quot;:1.2,&quot;sizes&quot;:[]},&quot;_transform_scale_effect&quot;:{&quot;unit&quot;:&quot;px&quot;,&quot;size&quot;:&quot;&quot;,&quot;sizes&quot;:[]},&quot;_transform_scale_effect_mobile&quot;:{&quot;unit&quot;:&quot;px&quot;,&quot;size&quot;:&quot;&quot;,&quot;sizes&quot;:[]}}\" data-widget_type=\"image.default\">\n\t\t\t\t<div class=\"elementor-widget-container\">\n\t\t\t\t\t\t\t\t\t\t\t\t\t\t\t<img decoding=\"async\" width=\"1024\" height=\"576\" src=\"https:\/\/www.auroraevia.fr\/wp-content\/uploads\/2024\/05\/Utilite-sociale-1024x576.png\" class=\"attachment-large size-large wp-image-1540\" alt=\"\" srcset=\"https:\/\/www.auroraevia.fr\/wp-content\/uploads\/2024\/05\/Utilite-sociale-1024x576.png 1024w, https:\/\/www.auroraevia.fr\/wp-content\/uploads\/2024\/05\/Utilite-sociale-300x169.png 300w, https:\/\/www.auroraevia.fr\/wp-content\/uploads\/2024\/05\/Utilite-sociale-768x432.png 768w, https:\/\/www.auroraevia.fr\/wp-content\/uploads\/2024\/05\/Utilite-sociale-1536x864.png 1536w, https:\/\/www.auroraevia.fr\/wp-content\/uploads\/2024\/05\/Utilite-sociale.png 1920w\" sizes=\"(max-width: 1024px) 100vw, 1024px\" \/>\t\t\t\t\t\t\t\t\t\t\t\t\t\t\t<\/div>\n\t\t\t\t<\/div>\n\t\t\t\t\t<\/div>\n\t\t\t\t<\/div>\n\t\t<div class=\"elementor-element elementor-element-3529bfd e-flex e-con-boxed e-con e-parent\" data-id=\"3529bfd\" data-element_type=\"container\">\n\t\t\t\t\t<div class=\"e-con-inner\">\n\t\t\t\t\t<\/div>\n\t\t\t\t<\/div>\n\t\t<div class=\"elementor-element elementor-element-bdea74e e-flex e-con-boxed e-con e-parent\" data-id=\"bdea74e\" data-element_type=\"container\">\n\t\t\t\t\t<div class=\"e-con-inner\">\n\t\t\t\t\t<\/div>\n\t\t\t\t<\/div>\n\t\t\t\t<\/div>\n\t\t","protected":false},"excerpt":{"rendered":"<p>\u00a0 \u00a0 QUI SOMMES-NOUS ? \u00a0 \u00a0 \u00a0 Notre histoire Suite \u00e0 des accompagnements de personnes porteuses de trisomie 21 [&hellip;]<\/p>\n","protected":false},"author":2,"featured_media":0,"parent":0,"menu_order":0,"comment_status":"closed","ping_status":"closed","template":"","meta":{"om_disable_all_campaigns":false,"_monsterinsights_skip_tracking":false,"_monsterinsights_sitenote_active":false,"_monsterinsights_sitenote_note":"","_monsterinsights_sitenote_category":0,"site-sidebar-layout":"no-sidebar","site-content-layout":"","ast-site-content-layout":"full-width-container","site-content-style":"default","site-sidebar-style":"default","ast-global-header-display":"","ast-banner-title-visibility":"","ast-main-header-display":"","ast-hfb-above-header-display":"","ast-hfb-below-header-display":"","ast-hfb-mobile-header-display":"","site-post-title":"disabled","ast-breadcrumbs-content":"","ast-featured-img":"disabled","footer-sml-layout":"","theme-transparent-header-meta":"","adv-header-id-meta":"","stick-header-meta":"","header-above-stick-meta":"","header-main-stick-meta":"","header-below-stick-meta":"","astra-migrate-meta-layouts":"default","ast-page-background-enabled":"default","ast-page-background-meta":{"desktop":{"background-color":"var(--ast-global-color-4)","background-image":"","background-repeat":"repeat","background-position":"center center","background-size":"auto","background-attachment":"scroll","background-type":"","background-media":"","overlay-type":"","overlay-color":"","overlay-gradient":""},"tablet":{"background-color":"","background-image":"","background-repeat":"repeat","background-position":"center center","background-size":"auto","background-attachment":"scroll","background-type":"","background-media":"","overlay-type":"","overlay-color":"","overlay-gradient":""},"mobile":{"background-color":"","background-image":"","background-repeat":"repeat","background-position":"center center","background-size":"auto","background-attachment":"scroll","background-type":"","background-media":"","overlay-type":"","overlay-color":"","overlay-gradient":""}},"ast-content-background-meta":{"desktop":{"background-color":"var(--ast-global-color-5)","background-image":"","background-repeat":"repeat","background-position":"center center","background-size":"auto","background-attachment":"scroll","background-type":"","background-media":"","overlay-type":"","overlay-color":"","overlay-gradient":""},"tablet":{"background-color":"var(--ast-global-color-5)","background-image":"","background-repeat":"repeat","background-position":"center center","background-size":"auto","background-attachment":"scroll","background-type":"","background-media":"","overlay-type":"","overlay-color":"","overlay-gradient":""},"mobile":{"background-color":"var(--ast-global-color-5)","background-image":"","background-repeat":"repeat","background-position":"center center","background-size":"auto","background-attachment":"scroll","background-type":"","background-media":"","overlay-type":"","overlay-color":"","overlay-gradient":""}},"footnotes":""},"class_list":["post-286","page","type-page","status-publish","hentry"],"aioseo_notices":[],"_links":{"self":[{"href":"https:\/\/www.auroraevia.fr\/index.php?rest_route=\/wp\/v2\/pages\/286","targetHints":{"allow":["GET"]}}],"collection":[{"href":"https:\/\/www.auroraevia.fr\/index.php?rest_route=\/wp\/v2\/pages"}],"about":[{"href":"https:\/\/www.auroraevia.fr\/index.php?rest_route=\/wp\/v2\/types\/page"}],"author":[{"embeddable":true,"href":"https:\/\/www.auroraevia.fr\/index.php?rest_route=\/wp\/v2\/users\/2"}],"replies":[{"embeddable":true,"href":"https:\/\/www.auroraevia.fr\/index.php?rest_route=%2Fwp%2Fv2%2Fcomments&post=286"}],"version-history":[{"count":334,"href":"https:\/\/www.auroraevia.fr\/index.php?rest_route=\/wp\/v2\/pages\/286\/revisions"}],"predecessor-version":[{"id":1809,"href":"https:\/\/www.auroraevia.fr\/index.php?rest_route=\/wp\/v2\/pages\/286\/revisions\/1809"}],"wp:attachment":[{"href":"https:\/\/www.auroraevia.fr\/index.php?rest_route=%2Fwp%2Fv2%2Fmedia&parent=286"}],"curies":[{"name":"wp","href":"https:\/\/api.w.org\/{rel}","templated":true}]}}